i) = i - 13. Let h be t(13). Suppose -4*q + h*q - 16 = 0. List the prime factors of 13 + -2 + 4 + q.
11
Suppose -3*l - 1230 = -5*o, 0 = o - l - 274 + 26. List the prime factors of o.
3
Suppose k - 4545 = -2*k. What are the prime factors of k?
3, 5, 101
Let a = -30 + 34. What are the prime factors of 2104/20 - a - 1/5?
101
Suppose 0 = -4*p - 4*f + 223 + 145, f - 272 = -3*p. Let b = 112 + -72. List the prime factors of ((-16)/b)/((-1)/p).
2, 3
Let t(x) = -x - 7. Let p be t(-7). Suppose -o = -p*o. Suppose -5*h - 3*f = -107, f = -h - o*f + 21. List the prime factors of h.
2, 11
Let u = 4 + -12. Let w = u + 12. Suppose 2*b = w + 20. List the prime factors of b.
2, 3
Suppose -4*l + 812 = -1640. List the prime factors of l.
613
Let m(v) = -v**3 + 2*v**2 - 3. Suppose r - 10 = -3*t - 0*t, 0 = 3*t - 4*r + 10. Let l be m(t). What are the prime factors of (-4 - 0)/(l/24)?
2
Let c = -25 + 34. Suppose 6*d = c*d - 54. What are the prime factors of d?
2, 3
Let j be (-2 - (-5 + 3)/(-1)) + 7. Let r = 2 - 0. Suppose 2*v + r*v = -4*g + 196, -j*v + 146 = 2*g. What are the prime factors of v?
2, 3
Let t = 29 - 27. Suppose -4*f = t*f - 804. What are the prime factors of f?
2, 67
Let p(b) = 2*b**2 - 3*b - 1. Suppose 0 = 5*q + 4*z - 27, -12 = q + z - 6*z. Let d be p(q). Suppose 0 = -7*n + d*n - 4. What are the prime factors of n?
2
Suppose 179 + 602 = 11*v. Let t = v + 103. What are the prime factors of t?
2, 3, 29
Let n be ((-45)/(-18))/(1/2). Let b = 8 - n. Suppose -b*h + 80 = h. List the prime factors of h.
2, 5
Let o be (75/10)/(2/(-12)). Let v = 148 + o. What are the prime factors of v?
103
Let s(l) = -11*l**3 + 195*l**2 + 8*l + 23. List the prime factors of s(17).
7, 353
Suppose 2*b + 56 = 62. Suppose -3*h = a - 2 - 237, 3*a = -b*h + 249. List the prime factors of h.
2, 3, 13
Let x = 25 - 26. Let c be x/(-4 + 36/8). Let h(t) = -3*t**3 + 4*t + 3. List the prime factors of h(c).
19
Suppose 0*o + 2*o - 146 = 0. Suppose 8*w = 7 + o. What are the prime factors of w?
2, 5
Let w = 795 - 517. List the prime factors of w.
2, 139
Let a(y) = -y**3 - 38*y**2 + 17*y + 81. What are the prime factors of a(-39)?
3, 313
Suppose 2*i = 5*f - 2414, 2*f + 5*i = 248 + 735. List the prime factors of f.
2, 11
Let f = 70 + -43. Suppose -4*i = -57 - f. What are the prime factors of 23/3*i/7?
23
Suppose -198 = -5*u + 22. What are the prime factors of (1 + 10)*3/(12/u)?
11
Suppose -9*t + 13*t + 132 = 0. Let b = 63 + t. Suppose b*n = 34*n - 208. List the prime factors of n.
2, 13
Let a be (-2318)/26 + (8/52 - 0). Let o = 145 + a. What are the prime factors of o?
2, 7
Suppose 4*j - 5*y = 49, 3*y = -3*j - y + 29. Let n(g) = 11*g + 23*g - j*g - 7. List the prime factors of n(3).
2, 31
Suppose 0 = -4*p + f + 668, 2*p - 4*f + 688 = 6*p. List the prime factors of p.
2, 3, 7
Let p be 6/(-24) + 62/(-8). Let c = p - 3. Let j = 26 + c. What are the prime factors of j?
3, 5
Let o = -197 - -927. What are the prime factors of o?
2, 5, 73
Let u = -44 + 149. Let f = 246 - u. What are the prime factors of f?
3, 47
Let u(p) = 16*p**2 + 2*p - 1. Let r be u(4). Let q be 12/(-18)*(r - -1). What are the prime factors of 1/(-3) - q/6?
29
Let a(d) = -13*d + 140. List the prime factors of a(-10).
2, 3, 5
Suppose 3*g - 5*g = -9*g. Suppose 2*o + 31 - 97 = g. What are the prime factors of o?
3, 11
Let a = 4 - 2. Let l(p) = p**3 + 0*p + 3*p - a*p + 7 - p**2. What are the prime factors of l(0)?
7
Let a(u) = -u + 25. Let y be a(0). Suppose n - 4 = y. What are the prime factors of n?
29
Suppose 2*p + 4*a - 2 = 0, p - a - 3*a = 13. Suppose -k + 20 = k - 4*t, p*t + 1 = k. List the prime factors of k.
2
Let p(w) = w + 8. Let v = 7 + 2. What are the prime factors of p(v)?
17
List the prime factors of (3 - (-24)/(-4)) + 1506.
3, 167
List the prime factors of (-22352)/(-18) - (5 + (-470)/90).
2, 3, 23
Let p(s) = -s**3 - 8*s**2 - 7*s + 7. Let z = 3 - -4. Let j(w) = w**3 - 8*w**2 + 7*w - 7. Let b be j(z). List the prime factors of p(b).
7
Let w = -30 - -33. Suppose 5*u + w*u = 152. What are the prime factors of u?
19
Let i = 616 + -584. List the prime factors of i.
2
Suppose -6*x = -x - 10. Suppose -21 = -x*k + k. Suppose -205 = -k*l + 16*l. What are the prime factors of l?
41
Let v = 1762 + 642. What are the prime factors of v?
2, 601
Suppose 6*p + 504 = -2*p. Let f = p + 271. What are the prime factors of f?
2, 13
Let d = -41 + 63. Suppose m - 3*t - d = -56, -102 = 4*m + 5*t. What are the prime factors of m/(-5)*(-30)/(-4)?
2, 3, 7
Let n be ((-8)/(-2))/(-10 + 11). Suppose -n*s + 2*s + 10 = 0, -2*u + 5*s = -3. List the prime factors of u.
2, 7
Suppose -3*w + 5268 = -4*f, -17*f + 20*f = 0. What are the prime factors of w?
2, 439
Let w(n) = -23*n + 149. What are the prime factors of w(-33)?
2, 227
Suppose 0 = 5*l + 5*m - 8150, 5*l + 48*m - 8134 = 47*m. List the prime factors of l.
2, 3, 271
Let k = 32 - 10. Suppose k = 2*a - 2*v, -2*a - 4*v + v - 3 = 0. Let x = a - -29. List the prime factors of x.
5, 7
Suppose 3*j - 2 = 2*m + 3, -3*m + 1 = 4*j. Let p = j - -72. List the prime factors of p.
73
Suppose -7*w + 11*w = 20. Suppose a - w*g - 155 = 0, 5*g - 9*g - 316 = -2*a. What are the prime factors of a?
2, 5
Let j be ((-10)/(-4) - 3)*-60. Let f = 2 + 0. Let d = f + j. What are the prime factors of d?
2
Let h(p) = -19*p**3 - 18*p**2 - 5*p - 7. List the prime factors of h(-4).
941
Suppose -4*u + 8 = c, -3*c + 2*u + 18 = 2*c. Suppose 3*d + 2*t - 410 = 0, -c*d - 2*t + t + 545 = 0. List the prime factors of d.
2, 17
Suppose 0 = -34*h + 19062 + 13952. What are the prime factors of h?
971
Let f = 19 + -14. Suppose -240 = -f*o - 4*k + 123, -3*o + 223 = 5*k. What are the prime factors of o?
71
Suppose -4*n - 89 = -l, n + 8 = 5*l - 513. What are the prime factors of l?
3, 5, 7
Suppose o + 4*s = 8*s - 18, 3*s = 3*o + 9. What are the prime factors of o + 200/((-8)/(-2))?
2, 13
Suppose 5*s - 150 = 4*p - 5*p, 0 = p + 3*s - 156. What are the prime factors of p?
3, 5, 11
Suppose 0*m + 20 = 2*m. Suppose 5*k + 2*h = m, h = -5*k + 5*h + 10. Suppose -r - 31 = -2*q + k*r, 27 = 2*q + r. What are the prime factors of q?
2, 7
Let v = -27 - -54. Suppose -5*z + q + 21 = 0, z + 2*q = -2*q. Suppose z*f = f + v. What are the prime factors of f?
3
Suppose -5*b - p + 142 = -0*p, 2*p + 35 = b. Suppose 4*r + 16 = 0, 5*i - 5*r - b = 2*i. Suppose i*g + 2*g = 150. List the prime factors of g.
2, 3, 5
Let j be (-6)/(18/(-15))*9. What are the prime factors of j + 0 - (-8 + 5)?
2, 3
Suppose -8*p - 4*y = -3*p - 5396, -2*p - 4*y = -2156. What are the prime factors of p?
2, 3, 5
Suppose 0 = 39*j - 92548 - 2885. List the prime factors of j.
2447
Let u be (15/(-2))/(3/(-78)). Let k = -24 + u. What are the prime factors of k?
3, 19
Suppose -2*m - 2*m = -8. List the prime factors of 3475/(-50)*(0 - m).
139
Let k(d) = 1040*d - 19. List the prime factors of k(1).
1021
Let k(z) = z**3 + 11*z**2 - 11*z + 16. Let a be k(-12). Let d be (-582)/a*28/42. Let w = d + 136. List the prime factors of w.
3, 13
Suppose 4*t - 7*y + 3*y = 2036, 506 = t + 2*y. What are the prime factors of t?
2, 127
Let w(p) = 1. Let l(s) = 4*s + 8. Let q(m) = -l(m) - 8*w(m). Let x be q(5). What are the prime factors of ((-135)/x)/((-3)/(-16))?
2, 5
Let h = 53 + -14. Suppose 0 = r - 3*w - 27, 3*w + 63 = 4*r - 0*r. Suppose 0 = -3*t + h - r. List the prime factors of t.
3
Suppose -4*h + s = 16, 9*h - 6*h + 12 = -s. Let l(i) = -2*i**3 + 5*i**2 + i - 1. List the prime factors of l(h).
7, 29
Let f = 13 - 23. Let a(n) = -n**2 - 14*n - 2. What are the prime factors of a(f)?
2, 19
Suppose 19 = 3*o + 5*v, -4*o - 4*v + 7*v = -6. Suppose -2*h = o*h - 535. Suppose 4*m - h = 1. What are the prime factors of m?
3
Let j = -972 - -5639. What are the prime factors of j?
13, 359
What are the prime factors of ((-17)/(-2))/(5/630*3)?
3, 7, 17
Let v(n) = -20*n - 2 - 5*n - 15 - n. What are the prime factors of v(-11)?
269
Let f(c) = c**2 - 3*c - 10. Let d be f(-3). Suppose 2*a - 6*a + 108 = -v, -2*v = -d. List the prime factors of a.
2, 7
Suppose -2*o = -o + 23. What are the prime factors of -7 - -7 - 2*o?
2, 23
Suppose -4*a = 4*r + 8, a + r + 1 = -a. Suppose -a - 4 = z. What are the prime factors of (-185)/z*1/1?
37
Suppose 5*k + 14 + 11 = 0, -3*k = 3*j - 4152. What are the prime factors of j?
3, 463
What are the prime factors